 -n**2 + 16*n - 26. Let h be y(14). Suppose -5*f - 19 - 6 = 0, 4*l - 30 = -h*f. Calculate the remainder when 37 is divided by l.
7
Let i(t) = 0*t - 4*t + 17 - t**2 - t. What is the remainder when 24 is divided by i(-7)?
0
What is the remainder when 153 is divided by 10 + -12 + 27 + -12?
10
Suppose 2*h - 369 = -3*x, 0 = -0*h - 3*h - 9. What is the remainder when x is divided by (-2)/18*3 - 172/(-12)?
13
Suppose o + 1 = -1. Let s = -16 + 29. Calculate the remainder when 27 is divided by o/1 + 3 + s.
13
Suppose -395 = -5*g - 160. What is the remainder when g is divided by (-5)/((-8)/(96/5))?
11
Let f(c) = 2*c**3 + 2*c**2 + 11. Let j be f(0). Suppose -14 = -r + 2*o + j, 3*r - 2*o - 55 = 0. What is the remainder when r is divided by 9?
6
Suppose 0 = -2*r - 4 + 12. Suppose -r*m + 8*m = 12. Calculate the remainder when 6 is divided by m.
0
What is the remainder when 121 - (0 - ((-30)/(-5))/(-2)) is divided by 40?
38
Let i = 6 + 21. Suppose 5*n - i = -3*g, 4*n - 5*n - 4*g = -2. What is the remainder when n is divided by (-1 + 2)*(-2 + 5)?
0
Let b = 174 + -153. Calculate the remainder when b is divided by 7.
0
Let z = 341 - 204. Let w = -110 + z. What is the remainder when 80 is divided by w?
26
Let n be 0 + (-18 - (-2 + 0)). Let f = -6 - n. Calculate the remainder when -1 - f*12/(-8) is divided by 5.
4
Let n = -22 - -22. Suppose 6*f - 96 = -n*f. What is the remainder when f is divided by 10?
6
Let z(u) = 2*u + 126. Calculate the remainder when z(-9) is divided by 11.
9
Let p be 5/(-15)*-3 + 223. Suppose -2*h = 5*h - p. Calculate the remainder when 127 is divided by h.
31
Suppose 4*v = -a + 324, -4*v + 3*a = 109 - 433. Suppose -2*g + h + 51 = 0, 2*h - v = -2*g - 3*h. Calculate the remainder when g is divided by 15.
13
Let u = -84 + 139. Calculate the remainder when 218 is divided by u.
53
Suppose 19*a - 18*a - 32 = 0. Calculate the remainder when 1469 is divided by a.
29
Let w = 867 - 848. What is the remainder when 45 is divided by w?
7
Calculate the remainder when ((-16)/(-10))/(13/1690) is divided by 10.
8
Let h = -291 + 312. What is the remainder when h is divided by 4?
1
Let m = 1652 - 1600. What is the remainder when 2545 is divided by m?
49
Suppose 0 = -4*c - c - 2*k + 747, k = 1. Calculate the remainder when c is divided by 43.
20
Let b = 14 - 24. Let f(v) = -11*v - 22. Calculate the remainder when f(b) is divided by 23.
19
Suppose 3*u = u. What is the remainder when -2 - (u + 11/(-1)) is divided by -2 - 0 - (-3 + -5)?
3
Calculate the remainder when 196 is divided by (16/(-5))/(15 - 5863/390).
4
Suppose -30*k = -39*k + 216. What is the remainder when 74 is divided by k?
2
Let k = 3 - 15. Calculate the remainder when 27 is divided by ((-3)/k + (-9)/12)*-36.
9
Let o = 350 + -282. Suppose 4*z = -2*h + 68, z + 9 = h - 2*z. Calculate the remainder when o is divided by h.
20
Let m(q) = q**3 - 9*q**2 + 24*q - 20. What is the remainder when m(9) is divided by 22?
20
Suppose 2*a + 2*r - 12 = 18, -5*a = 3*r - 71. Let y(g) = -g**2 + 6*g + 6. Let q be y(7). Calculate the remainder when (2 + q)*-1 - -50 is divided by a.
10
Let o = 8 + -3. Let g = 8 - o. Suppose -2*p = -g*p + 41. What is the remainder when p is divided by 21?
20
Let q = -29 - -269. What is the remainder when q is divided by 61?
57
Let l = -290 - -413. What is the remainder when l is divided by 18?
15
Suppose 1885 = 27*q + 38*q. Calculate the remainder when 80 is divided by q.
22
Let p(r) be the first derivative of 4*r**3/3 - 3*r**2/2 - 3*r + 7. Suppose -3*f = 15, 60 = 4*k + k - f. What is the remainder when k is divided by p(2)?
4
Let z(f) = f**2 + 4*f - 10. Let d be z(-8). Let v = d + -15. Calculate the remainder when 184/8 - -1 - 8/2 is divided by v.
6
Let r be 6/18 + 5/3. Suppose 3*j + m = 5*m + 17, 16 = r*j - 5*m. Suppose -5*z + 44 = -0*p - 2*p, 0 = -j*p + 9. Calculate the remainder when 19 is divided by z.
9
Suppose 0 = 4*c + 2*j - 654, -8*c + 9*c + j - 166 = 0. Calculate the remainder when c is divided by 70.
21
Let i = -104 + 215. Suppose -2*p - 126 = -4*x, -x - i = -4*x - 4*p. Calculate the remainder when x is divided by (6/4 - 1)*36.
15
Suppose -4*j + 2*a = -412, 7*a - 3*a + 404 = 4*j. Suppose m - w = 5*m - 31, -5 = w. Let t = 18 + m. What is the remainder when j is divided by t?
24
Suppose 8 + 2 = -5*s, r - 15 = -2*s. Suppose 0 = -3*b - 3*w + 144 + 84, 4*w - 154 = -2*b. Calculate the remainder when b is divided by r.
18
Let r = -28 + 39. What is the remainder when 16 is divided by (-3)/((-3)/(-2 + r))?
7
Suppose -2 = -t, -2*t = 3*a - 26 - 38. Suppose 1 = -l, -l - a = -q - 6*l. Suppose 188 = 8*b - 4*b. What is the remainder when b is divided by q?
22
Let n be (-2)/(-1)*4/8*1. Let i(c) = 22*c + 1. Calculate the remainder when i(n) is divided by 3.
2
Suppose 24*d = 22*d - 24. Let o(s) = 2 - 6*s - 1 + 13 + 3*s. Calculate the remainder when o(d) is divided by 18.
14
Suppose -180 = 92*v - 102*v. Calculate the remainder when v is divided by 5.
3
Suppose -5*t - 4*c + 675 = 0, -c - 2*c = 4*t - 541. What is the remainder when t is divided by 36?
31
Let d(v) = -v - 5. Suppose 3*q = 11*q - 56. What is the remainder when q is divided by d(-9)?
3
Calculate the remainder when 118 is divided by 2/(-6) - (564/(-18) + 1).
28
Suppose 7*i - 2*i + 4*k - 36 = 0, 0 = -4*k + 16. Suppose 16 = -i*f - 8. Calculate the remainder when 62 is divided by f/(-18) + (-94)/(-6).
14
Calculate the remainder when 422/8 + (-2)/(-8) is divided by 7.
4
Let o = -65 - -527. Calculate the remainder when o is divided by 15.
12
Let x = -61 - -86. What is the remainder when 97 is divided by x?
22
Suppose 80 = 2*u - 5*i, 4*u - 8*u + 5*i = -140. What is the remainder when -2 + 1*1*30 is divided by 18/u - (-47)/5?
8
Suppose 210 = 3*o - 0*o. Suppose 2*s = o - 6. What is the remainder when s is divided by (16 - 1) + (3 + -9 - -8)?
15
Let i(p) = 2*p**2 + 8*p + 4. Suppose o - 39 = -x, 5*o - 6*x + x - 215 = 0. What is the remainder when o is divided by i(-5)?
13
Suppose 3*u - 48 = 5*a, -2*u = -2*a - 28 - 8. Suppose 2*n + 505 = 7*n. Let w = n + -60. What is the remainder when w is divided by u?
20
Let z = -552 - -579. Calculate the remainder when 50 is divided by z.
23
Suppose 0 = 4*h + 88 + 664. Suppose -2*r - 16 = -3*x + 66, 3*x = r + 77. What is the remainder when h/(-5)*(-5)/(-2) is divided by x?
22
Suppose 5*z = 32 + 48. Let a(f) = 19*f + 12. Let l be a(10). Let w = l - 125. What is the remainder when w is divided by z?
13
Suppose 40*c - 54 = 43*c. Let w = c - -21. Calculate the remainder when 4 is divided by w.
1
Let u(j) = -j**2 - 8*j - 3. Let p(h) = -h**2 - 12*h - 5. Let k(b) = 5*p(b) - 8*u(b). Calculate the remainder when k(2) is divided by 11.
8
Let h(b) = 5*b**2 + 6*b + 8. Let t(i) = -6*i**2 - 7*i - 8. Let z(r) = 5*h(r) + 4*t(r). What is the remainder when 552/(-828) - 1/(-3)*251 is divided by z(-7)?
40
Suppose -2*l = 1382 - 1558. Calculate the remainder when 345 is divided by l.
81
Let s(l) = -l - 1. Let v(d) = 18*d + 63. Let o(x) = -4*s(x) - v(x). What is the remainder when o(-8) is divided by 8?
5
Suppose 2*p = 3*t + 2*t - 845, -678 = -4*t + 2*p. Let j = 52 + 4. What is the remainder when t is divided by j?
55
Calculate the remainder when (-1 - 837/(-12)) + 10/40 is divided by 37.
32
Let c be (-2)/((-8)/(-5))*-4. Suppose -3*r + 0*a + 16 = 5*a, 0 = c*r - 3*a - 38. Calculate the remainder when -3 + 50/16 + 3383/136 is divided by r.
4
Suppose 2*o = -b + 12, -2*o + 27 = 3*o + b. Suppose -5*h = o*r - 16 - 24, 5*r = -3*h + 26. Calculate the remainder when 41 is divided by h.
6
What is the remainder when 30 is divided by (-15)/2*1*(-56)/35?
6
Let i = 272 - 184. What is the remainder when i is divided by 19?
12
Let j be 4/6 - (-201)/9. Suppose 6*w = -31 - 5. Let l = j + w. What is the remainder when 67 is divided by l?
16
Suppose 0 = -2*y + 6*y + 656. Let j = -104 - y. Let a(k) = 16*k**3 - 39*k + 39. Calculate the remainder when j is divided by a(1).
12
Let b = -8 - -11. Suppose -z - b = 3. What is the remainder when (z*4)/(-4) - -2 is divided by 2?
0
Let i = -8 - 9. Let b = i + 50. What is the remainder when b is divided by 18?
15
Let j(z) = z**2 + 11*z - 27. Let h be j(-15). Let n = h + -20. Let i(c) = -4*c. What is the remainder when i(-6) is divided by n?
11
Suppose 0 = 10*g - 9*g - 49. Let b = g - 39. What is the remaind